{"id":671,"date":"2019-04-13T17:25:15","date_gmt":"2019-04-13T15:25:15","guid":{"rendered":"http:\/\/wordpress.heimatbund-garching.de\/?page_id=671"},"modified":"2019-10-26T11:39:21","modified_gmt":"2019-10-26T09:39:21","slug":"dauerausstellung","status":"publish","type":"page","link":"https:\/\/www.heimatbund-garching.de\/?page_id=671","title":{"rendered":"Dauerausstellung"},"content":{"rendered":"\t\t<div data-elementor-type=\"wp-post\" data-elementor-id=\"671\" class=\"elementor elementor-671\">\n\t\t\t\t\t\t<section class=\"elementor-section elementor-top-section elementor-element elementor-element-58a14cb elementor-section-boxed elementor-section-height-default elementor-section-height-default\" data-id=\"58a14cb\" data-element_type=\"section\" data-e-type=\"section\" data-settings=\"{&quot;background_background&quot;:&quot;classic&quot;}\">\n\t\t\t\t\t\t<div class=\"elementor-container elementor-column-gap-default\">\n\t\t\t\t\t<div class=\"elementor-column elementor-col-100 elementor-top-column elementor-element elementor-element-3a29f35\" data-id=\"3a29f35\" data-element_type=\"column\" data-e-type=\"column\">\n\t\t\t<div class=\"elementor-widget-wrap elementor-element-populated\">\n\t\t\t\t\t\t<div class=\"elementor-element elementor-element-5160986 elementor-widget elementor-widget-heading\" data-id=\"5160986\" data-element_type=\"widget\" data-e-type=\"widget\" data-widget_type=\"heading.default\">\n\t\t\t\t<div class=\"elementor-widget-container\">\n\t\t\t\t\t<h2 class=\"elementor-heading-title elementor-size-default\">Dauerausstellung<\/h2>\t\t\t\t<\/div>\n\t\t\t\t<\/div>\n\t\t\t\t\t<\/div>\n\t\t<\/div>\n\t\t\t\t\t<\/div>\n\t\t<\/section>\n\t\t\t\t<section class=\"elementor-section elementor-top-section elementor-element elementor-element-e2153b5 elementor-section-boxed elementor-section-height-default elementor-section-height-default\" data-id=\"e2153b5\" data-element_type=\"section\" data-e-type=\"section\">\n\t\t\t\t\t\t<div class=\"elementor-container elementor-column-gap-default\">\n\t\t\t\t\t<div class=\"elementor-column elementor-col-100 elementor-top-column elementor-element elementor-element-1e3d362\" data-id=\"1e3d362\" data-element_type=\"column\" data-e-type=\"column\">\n\t\t\t<div class=\"elementor-widget-wrap elementor-element-populated\">\n\t\t\t\t\t\t<div class=\"elementor-element elementor-element-90d62cd elementor-widget elementor-widget-heading\" data-id=\"90d62cd\" data-element_type=\"widget\" data-e-type=\"widget\" data-widget_type=\"heading.default\">\n\t\t\t\t<div class=\"elementor-widget-container\">\n\t\t\t\t\t<h1 class=\"elementor-heading-title elementor-size-default\">Vor- und Fr\u00fchgeschichte an der mittleren Alz<\/h1>\t\t\t\t<\/div>\n\t\t\t\t<\/div>\n\t\t\t\t\t<\/div>\n\t\t<\/div>\n\t\t\t\t\t<\/div>\n\t\t<\/section>\n\t\t\t\t<section class=\"elementor-section elementor-top-section elementor-element elementor-element-fedf919 elementor-section-boxed elementor-section-height-default elementor-section-height-default\" data-id=\"fedf919\" data-element_type=\"section\" data-e-type=\"section\" data-settings=\"{&quot;background_background&quot;:&quot;classic&quot;}\">\n\t\t\t\t\t\t<div class=\"elementor-container elementor-column-gap-default\">\n\t\t\t\t\t<div class=\"elementor-column elementor-col-100 elementor-top-column elementor-element elementor-element-a700cf8\" data-id=\"a700cf8\" data-element_type=\"column\" data-e-type=\"column\">\n\t\t\t<div class=\"elementor-widget-wrap elementor-element-populated\">\n\t\t\t\t\t\t<section class=\"elementor-section elementor-inner-section elementor-element elementor-element-965c389 elementor-section-boxed elementor-section-height-default elementor-section-height-default\" data-id=\"965c389\" data-element_type=\"section\" data-e-type=\"section\">\n\t\t\t\t\t\t<div class=\"elementor-container elementor-column-gap-default\">\n\t\t\t\t\t<div class=\"elementor-column elementor-col-50 elementor-inner-column elementor-element elementor-element-35987e0\" data-id=\"35987e0\" data-element_type=\"column\" data-e-type=\"column\">\n\t\t\t<div class=\"elementor-widget-wrap elementor-element-populated\">\n\t\t\t\t\t\t<div class=\"elementor-element elementor-element-a02c94e elementor-widget elementor-widget-image\" data-id=\"a02c94e\" data-element_type=\"widget\" data-e-type=\"widget\" data-widget_type=\"image.default\">\n\t\t\t\t<div class=\"elementor-widget-container\">\n\t\t\t\t\t\t\t\t\t\t\t\t\t\t\t<img decoding=\"async\" src=\"https:\/\/www.heimatbund-garching.de\/wp-content\/uploads\/elementor\/thumbs\/pic1-pvh3iehl3c8aih0l52ord7enzmptkfkltwv3se62gw.jpg\" title=\"pic1\" alt=\"pic1\" loading=\"lazy\" \/>\t\t\t\t\t\t\t\t\t\t\t\t\t\t\t<\/div>\n\t\t\t\t<\/div>\n\t\t\t\t\t<\/div>\n\t\t<\/div>\n\t\t\t\t<div class=\"elementor-column elementor-col-50 elementor-inner-column elementor-element elementor-element-83f7107\" data-id=\"83f7107\" data-element_type=\"column\" data-e-type=\"column\">\n\t\t\t<div class=\"elementor-widget-wrap elementor-element-populated\">\n\t\t\t\t\t\t<div class=\"elementor-element elementor-element-99671e8 elementor-widget elementor-widget-text-editor\" data-id=\"99671e8\" data-element_type=\"widget\" data-e-type=\"widget\" data-widget_type=\"text-editor.default\">\n\t\t\t\t<div class=\"elementor-widget-container\">\n\t\t\t\t\t\t\t\t\t<p>Garching an der Alz, das erst durch die Industrialisierung im 20. Jahrhundert eine wirtschaftliche Bl\u00fctezeit erlebte, war bis in das 19. Jahrhundert ein kleines Dorf. Vor 4000 Jahren erlebte die Garchinger Region schon einmal eine besondere Bl\u00fcteperiode, die mit Unterbrechung rund 1000 Jahre dauerte. An diese gro\u00dfe Vergangenheit von Garching und seinem Umland will die Ausstellung des Museums Garching erinnern. F\u00fcr die Jungsteinzeit der Zeit nach 4500 v. Chr. liegen erstmals Hinweise auf eine st\u00e4ndige Besiedlung der Alztalregion um Garching vor. Es sind dies Stein\u00e4xte von verschiedenen Pl\u00e4tzen. Die B\u00f6den im Alztal besitzen nur m\u00e4\u00dfige Qualit\u00e4t und sind daher f\u00fcr Ackerbauern nicht besonders anziehend. Somit ist davon auszugehen, dass die Leute, die sich hier ans\u00e4ssig machten, nicht in erster Linie neue Acker- und Weidegr\u00fcnde suchten. Wichtiger d\u00fcrfte die Kontrolle eines Handelsweges entlang des Alztales gewesen sein.<\/p>\t\t\t\t\t\t\t\t<\/div>\n\t\t\t\t<\/div>\n\t\t\t\t\t<\/div>\n\t\t<\/div>\n\t\t\t\t\t<\/div>\n\t\t<\/section>\n\t\t\t\t\t<\/div>\n\t\t<\/div>\n\t\t\t\t\t<\/div>\n\t\t<\/section>\n\t\t\t\t<section class=\"elementor-section elementor-top-section elementor-element elementor-element-cf98bae elementor-section-boxed elementor-section-height-default elementor-section-height-default\" data-id=\"cf98bae\" data-element_type=\"section\" data-e-type=\"section\">\n\t\t\t\t\t\t<div class=\"elementor-container elementor-column-gap-default\">\n\t\t\t\t\t<div class=\"elementor-column elementor-col-100 elementor-top-column elementor-element elementor-element-35a76b6\" data-id=\"35a76b6\" data-element_type=\"column\" data-e-type=\"column\">\n\t\t\t<div class=\"elementor-widget-wrap elementor-element-populated\">\n\t\t\t\t\t\t<section class=\"elementor-section elementor-inner-section elementor-element elementor-element-1271993 elementor-section-boxed elementor-section-height-default elementor-section-height-default\" data-id=\"1271993\" data-element_type=\"section\" data-e-type=\"section\">\n\t\t\t\t\t\t<div class=\"elementor-container elementor-column-gap-default\">\n\t\t\t\t\t<div class=\"elementor-column elementor-col-50 elementor-inner-column elementor-element elementor-element-98258e3\" data-id=\"98258e3\" data-element_type=\"column\" data-e-type=\"column\">\n\t\t\t<div class=\"elementor-widget-wrap elementor-element-populated\">\n\t\t\t\t\t\t<div class=\"elementor-element elementor-element-e8bae53 elementor-widget elementor-widget-text-editor\" data-id=\"e8bae53\" data-element_type=\"widget\" data-e-type=\"widget\" data-widget_type=\"text-editor.default\">\n\t\t\t\t<div class=\"elementor-widget-container\">\n\t\t\t\t\t\t\t\t\t<p>W\u00e4hrend der Handelsweg entlang des Alztales f\u00fcr die Jungsteinzeit nur vermutet werden kann, befand sich dann seit der fr\u00fchen Bronzezeit, d.h. rund zwei Jahrtausende sp\u00e4ter, mit Sicherheit auf dem Margarethenberg eine der wichtigsten Wegekontrollstationen S\u00fcdbayerns. Hier f\u00fchrte seit dem sp\u00e4ten 3. Jahrtausend v. Chr. eine der Haupthandelsrouten vorbei, die die Bronze-Produktionsst\u00e4tten im Nordalpenraum mit den Absatzgebieten in der Donauregion bei Straubing verband. Entsprechend der bekannten \u201eBernsteinstra\u00dfe\u201c k\u00f6nnte man hier von einer \u201eBronzestra\u00dfe\u201c sprechen. Von der damaligen Burganlage auf dem Margarethenberg, auf dem sich heute eine Kirche und ein Friedhof befinden, hat sich durch die Umgestaltung des Mittelalters und der Neuzeit zwar nichts mehr erhalten, doch belegen zahlreiche Funde, darunter zwei der au\u00dferordentlich seltenen Gu\u00dfformen aus feinem Sandstein, die ehemalige Bedeutung dieses beherrschenden Platzes.<\/p>\t\t\t\t\t\t\t\t<\/div>\n\t\t\t\t<\/div>\n\t\t\t\t\t<\/div>\n\t\t<\/div>\n\t\t\t\t<div class=\"elementor-column elementor-col-50 elementor-inner-column elementor-element elementor-element-a0352f8\" data-id=\"a0352f8\" data-element_type=\"column\" data-e-type=\"column\">\n\t\t\t<div class=\"elementor-widget-wrap elementor-element-populated\">\n\t\t\t\t\t\t<div class=\"elementor-element elementor-element-2db245d elementor-widget elementor-widget-image\" data-id=\"2db245d\" data-element_type=\"widget\" data-e-type=\"widget\" data-widget_type=\"image.default\">\n\t\t\t\t<div class=\"elementor-widget-container\">\n\t\t\t\t\t\t\t\t\t\t\t\t<figure class=\"wp-caption\">\n\t\t\t\t\t\t\t\t\t\t<img fetchpriority=\"high\" decoding=\"async\" width=\"800\" height=\"533\" src=\"https:\/\/www.heimatbund-garching.de\/wp-content\/uploads\/2019\/04\/Museum-Lanzenspitze.jpg\" class=\"attachment-large size-large wp-image-694\" alt=\"\" srcset=\"https:\/\/www.heimatbund-garching.de\/wp-content\/uploads\/2019\/04\/Museum-Lanzenspitze.jpg 800w, https:\/\/www.heimatbund-garching.de\/wp-content\/uploads\/2019\/04\/Museum-Lanzenspitze-300x200.jpg 300w, https:\/\/www.heimatbund-garching.de\/wp-content\/uploads\/2019\/04\/Museum-Lanzenspitze-768x512.jpg 768w\" sizes=\"(max-width: 800px) 100vw, 800px\" \/>\t\t\t\t\t\t\t\t\t\t\t<figcaption class=\"widget-image-caption wp-caption-text\">Lanzenspitze Bronze, ca 1000 v. Chr.<\/figcaption>\n\t\t\t\t\t\t\t\t\t\t<\/figure>\n\t\t\t\t\t\t\t\t\t<\/div>\n\t\t\t\t<\/div>\n\t\t\t\t\t<\/div>\n\t\t<\/div>\n\t\t\t\t\t<\/div>\n\t\t<\/section>\n\t\t\t\t\t<\/div>\n\t\t<\/div>\n\t\t\t\t\t<\/div>\n\t\t<\/section>\n\t\t\t\t<section class=\"elementor-section elementor-top-section elementor-element elementor-element-96b9c9a elementor-section-boxed elementor-section-height-default elementor-section-height-default\" data-id=\"96b9c9a\" data-element_type=\"section\" data-e-type=\"section\" data-settings=\"{&quot;background_background&quot;:&quot;classic&quot;}\">\n\t\t\t\t\t\t<div class=\"elementor-container elementor-column-gap-default\">\n\t\t\t\t\t<div class=\"elementor-column elementor-col-100 elementor-top-column elementor-element elementor-element-8af2797\" data-id=\"8af2797\" data-element_type=\"column\" data-e-type=\"column\">\n\t\t\t<div class=\"elementor-widget-wrap elementor-element-populated\">\n\t\t\t\t\t\t<div class=\"elementor-element elementor-element-cb27098 elementor-widget elementor-widget-text-editor\" data-id=\"cb27098\" data-element_type=\"widget\" data-e-type=\"widget\" data-widget_type=\"text-editor.default\">\n\t\t\t\t<div class=\"elementor-widget-container\">\n\t\t\t\t\t\t\t\t\t<p>Von Hart a. d. Alz kennt man das Grab eines \u201eF\u00fcrsten\u201c oder \u201eK\u00f6nigs\u201c des 12. Jahrhunderts v. Chr., der einstmals der Herr der urnenfelderzeitlichen Burg auf dem Margarethenberg gewesen sein d\u00fcrfte. Der hohe Stand des Verstorbenen zeigt sich darin, dass er mit seinem Repr\u00e4sentationswagen verbrannt wurde, der mit zahlreichen Bronzeteilen verziert war. Weitere urnenfelderzeitliche Schwerter aus dem Garchinger Raum bezeugen Macht und Wohlstand der dortigen Oberschicht. Mit dem Aufkommen des Eisens am Ende der Urnenfelderzeit ging die Bedeutung des Bronze-Handelsweges \u00fcber das Alztal sehr schnell zur\u00fcck. Die Burg auf dem Margarethenberg verfiel. Kleine Landadelige, wie sie ein hallstattzeitliches \u201eH\u00e4uptlingsgrab\u201c von Hart a. d. Alz f\u00fcr das 8.-6. Jahrhundert v. Chr. bzw. ein fr\u00fchlat\u00e9nezeitliches von H\u00f6resham f\u00fcr das 5. Jahrhundert kennzeichnen, waren nun die F\u00fchrungsschicht der b\u00e4uerlichen Siedler.<\/p>\t\t\t\t\t\t\t\t<\/div>\n\t\t\t\t<\/div>\n\t\t\t\t<div class=\"elementor-element elementor-element-07d8186 elementor-widget elementor-widget-image\" data-id=\"07d8186\" data-element_type=\"widget\" data-e-type=\"widget\" data-widget_type=\"image.default\">\n\t\t\t\t<div class=\"elementor-widget-container\">\n\t\t\t\t\t\t\t\t\t\t\t\t<figure class=\"wp-caption\">\n\t\t\t\t\t\t\t\t\t\t<img decoding=\"async\" width=\"800\" height=\"533\" src=\"https:\/\/www.heimatbund-garching.de\/wp-content\/uploads\/2019\/04\/Museum-Wagengrab-02.jpg\" class=\"attachment-large size-large wp-image-667\" alt=\"\" srcset=\"https:\/\/www.heimatbund-garching.de\/wp-content\/uploads\/2019\/04\/Museum-Wagengrab-02.jpg 800w, https:\/\/www.heimatbund-garching.de\/wp-content\/uploads\/2019\/04\/Museum-Wagengrab-02-300x200.jpg 300w, https:\/\/www.heimatbund-garching.de\/wp-content\/uploads\/2019\/04\/Museum-Wagengrab-02-768x512.jpg 768w\" sizes=\"(max-width: 800px) 100vw, 800px\" \/>\t\t\t\t\t\t\t\t\t\t\t<figcaption class=\"widget-image-caption wp-caption-text\">Radbeschl\u00e4ge, K\u00fcchenger\u00e4te, Urnen und verschmorte Bronzeteile aus dem F\u00fcrsten-Wagengrab Hart (ca. 1200 v. Chr.)<\/figcaption>\n\t\t\t\t\t\t\t\t\t\t<\/figure>\n\t\t\t\t\t\t\t\t\t<\/div>\n\t\t\t\t<\/div>\n\t\t\t\t<div class=\"elementor-element elementor-element-cd98e8d elementor-widget elementor-widget-spacer\" data-id=\"cd98e8d\" data-element_type=\"widget\" data-e-type=\"widget\" data-widget_type=\"spacer.default\">\n\t\t\t\t<div class=\"elementor-widget-container\">\n\t\t\t\t\t\t\t<div class=\"elementor-spacer\">\n\t\t\t<div class=\"elementor-spacer-inner\"><\/div>\n\t\t<\/div>\n\t\t\t\t\t\t<\/div>\n\t\t\t\t<\/div>\n\t\t\t\t\t<\/div>\n\t\t<\/div>\n\t\t\t\t\t<\/div>\n\t\t<\/section>\n\t\t\t\t<section class=\"elementor-section elementor-top-section elementor-element elementor-element-03946b6 elementor-section-boxed elementor-section-height-default elementor-section-height-default\" data-id=\"03946b6\" data-element_type=\"section\" data-e-type=\"section\">\n\t\t\t\t\t\t<div class=\"elementor-container elementor-column-gap-default\">\n\t\t\t\t\t<div class=\"elementor-column elementor-col-100 elementor-top-column elementor-element elementor-element-e4eb8d6\" data-id=\"e4eb8d6\" data-element_type=\"column\" data-e-type=\"column\">\n\t\t\t<div class=\"elementor-widget-wrap elementor-element-populated\">\n\t\t\t\t\t\t<div class=\"elementor-element elementor-element-7140c3d elementor-widget elementor-widget-heading\" data-id=\"7140c3d\" data-element_type=\"widget\" data-e-type=\"widget\" data-widget_type=\"heading.default\">\n\t\t\t\t<div class=\"elementor-widget-container\">\n\t\t\t\t\t<h1 class=\"elementor-heading-title elementor-size-default\">Bajuwarisches Reihengr\u00e4berfeld Garching a. d. Alz<\/h1>\t\t\t\t<\/div>\n\t\t\t\t<\/div>\n\t\t\t\t\t<\/div>\n\t\t<\/div>\n\t\t\t\t\t<\/div>\n\t\t<\/section>\n\t\t\t\t<section class=\"elementor-section elementor-top-section elementor-element elementor-element-86ad393 elementor-section-boxed elementor-section-height-default elementor-section-height-default\" data-id=\"86ad393\" data-element_type=\"section\" data-e-type=\"section\">\n\t\t\t\t\t\t<div class=\"elementor-container elementor-column-gap-default\">\n\t\t\t\t\t<div class=\"elementor-column elementor-col-100 elementor-top-column elementor-element elementor-element-8f8e7df\" data-id=\"8f8e7df\" data-element_type=\"column\" data-e-type=\"column\">\n\t\t\t<div class=\"elementor-widget-wrap elementor-element-populated\">\n\t\t\t\t\t\t<div class=\"elementor-element elementor-element-54f0d60 gallery-spacing-custom elementor-widget elementor-widget-image-gallery\" data-id=\"54f0d60\" data-element_type=\"widget\" data-e-type=\"widget\" data-widget_type=\"image-gallery.default\">\n\t\t\t\t<div class=\"elementor-widget-container\">\n\t\t\t\t\t\t\t<div class=\"elementor-image-gallery\">\n\t\t\t<div id='gallery-1' class='gallery galleryid-671 gallery-columns-2 gallery-size-medium_large'><figure class='gallery-item'>\n\t\t\t<div class='gallery-icon landscape'>\n\t\t\t\t<a data-elementor-open-lightbox=\"yes\" data-elementor-lightbox-slideshow=\"54f0d60\" data-elementor-lightbox-title=\"Museum-Guertelschliesse-aus-Bajuwarengrab\" data-e-action-hash=\"#elementor-action%3Aaction%3Dlightbox%26settings%3DeyJpZCI6Njk1LCJ1cmwiOiJodHRwczpcL1wvd3d3LmhlaW1hdGJ1bmQtZ2FyY2hpbmcuZGVcL3dwLWNvbnRlbnRcL3VwbG9hZHNcLzIwMTlcLzA0XC9NdXNldW0tR3VlcnRlbHNjaGxpZXNzZS1hdXMtQmFqdXdhcmVuZ3JhYi5qcGciLCJzbGlkZXNob3ciOiI1NGYwZDYwIn0%3D\" href='https:\/\/www.heimatbund-garching.de\/wp-content\/uploads\/2019\/04\/Museum-Guertelschliesse-aus-Bajuwarengrab.jpg'><img decoding=\"async\" width=\"768\" height=\"512\" src=\"https:\/\/www.heimatbund-garching.de\/wp-content\/uploads\/2019\/04\/Museum-Guertelschliesse-aus-Bajuwarengrab-768x512.jpg\" class=\"attachment-medium_large size-medium_large\" alt=\"\" aria-describedby=\"gallery-1-695\" srcset=\"https:\/\/www.heimatbund-garching.de\/wp-content\/uploads\/2019\/04\/Museum-Guertelschliesse-aus-Bajuwarengrab-768x512.jpg 768w, https:\/\/www.heimatbund-garching.de\/wp-content\/uploads\/2019\/04\/Museum-Guertelschliesse-aus-Bajuwarengrab-300x200.jpg 300w, https:\/\/www.heimatbund-garching.de\/wp-content\/uploads\/2019\/04\/Museum-Guertelschliesse-aus-Bajuwarengrab.jpg 800w\" sizes=\"(max-width: 768px) 100vw, 768px\" \/><\/a>\n\t\t\t<\/div>\n\t\t\t\t<figcaption class='wp-caption-text gallery-caption' id='gallery-1-695'>\n\t\t\t\tBajuwarische G\u00fcrtelschnalle (ca. 500-600 n. Chr.)\n\t\t\t\t<\/figcaption><\/figure><figure class='gallery-item'>\n\t\t\t<div class='gallery-icon landscape'>\n\t\t\t\t<a data-elementor-open-lightbox=\"yes\" data-elementor-lightbox-slideshow=\"54f0d60\" data-elementor-lightbox-title=\"Museum-Vitrinen\" data-e-action-hash=\"#elementor-action%3Aaction%3Dlightbox%26settings%3DeyJpZCI6NjY1LCJ1cmwiOiJodHRwczpcL1wvd3d3LmhlaW1hdGJ1bmQtZ2FyY2hpbmcuZGVcL3dwLWNvbnRlbnRcL3VwbG9hZHNcLzIwMTlcLzA0XC9NdXNldW0tVml0cmluZW4uanBnIiwic2xpZGVzaG93IjoiNTRmMGQ2MCJ9\" href='https:\/\/www.heimatbund-garching.de\/wp-content\/uploads\/2019\/04\/Museum-Vitrinen.jpg'><img loading=\"lazy\" decoding=\"async\" width=\"768\" height=\"512\" src=\"https:\/\/www.heimatbund-garching.de\/wp-content\/uploads\/2019\/04\/Museum-Vitrinen-768x512.jpg\" class=\"attachment-medium_large size-medium_large\" alt=\"\" srcset=\"https:\/\/www.heimatbund-garching.de\/wp-content\/uploads\/2019\/04\/Museum-Vitrinen-768x512.jpg 768w, https:\/\/www.heimatbund-garching.de\/wp-content\/uploads\/2019\/04\/Museum-Vitrinen-300x200.jpg 300w, https:\/\/www.heimatbund-garching.de\/wp-content\/uploads\/2019\/04\/Museum-Vitrinen.jpg 800w\" sizes=\"(max-width: 768px) 100vw, 768px\" \/><\/a>\n\t\t\t<\/div><\/figure>\n\t\t<\/div>\n\t\t<\/div>\n\t\t\t\t\t\t<\/div>\n\t\t\t\t<\/div>\n\t\t\t\t<div class=\"elementor-element elementor-element-6b7bb62 elementor-widget elementor-widget-text-editor\" data-id=\"6b7bb62\" data-element_type=\"widget\" data-e-type=\"widget\" data-widget_type=\"text-editor.default\">\n\t\t\t\t<div class=\"elementor-widget-container\">\n\t\t\t\t\t\t\t\t\t<div id=\"c310\" class=\"frame frame-default frame-type-textpic frame-background- frame-no-backgroundimage frame-space-before-none frame-space-after-none\"><div class=\"frame-container\"><div class=\"frame-inner\"><p>Nach der r\u00f6mischen Eroberung S\u00fcddeutschlands (15 v. Chr.) wurde der Garchinger Raum wie das Gebiet \u00f6stlich des Inns der r\u00f6mischen Provinz Noricum zugeschlagen. In dieser Zeit f\u00fchrte hier wiederum in Nord-S\u00fcd-Richtung eine Verbindungsstra\u00dfe vorbei. Auf diese Stra\u00dfe beziehen sich r\u00f6mische Gutsh\u00f6fe bei H\u00f6resham und Lohen, Gde. Tacherting, von denen die Ausstellung ebenso Fundst\u00fccke zeigt wie vom r\u00f6mischen Inn\u00fcbergang bei Ehring. Nach Abzug der R\u00f6mer um 500 n. Chr. wurde Garching und sein Umland im 6. Jahrhundert von Bajuwaren besiedelt. Kennzeichnende Funde jener Zeit zeigt das Museum aus dem fr\u00fchmittelalterlichen Friedhof von Garching.<\/p><\/div><\/div><\/div>\t\t\t\t\t\t\t\t<\/div>\n\t\t\t\t<\/div>\n\t\t\t\t\t<\/div>\n\t\t<\/div>\n\t\t\t\t\t<\/div>\n\t\t<\/section>\n\t\t\t\t<section class=\"elementor-section elementor-top-section elementor-element elementor-element-ea17858 elementor-section-boxed elementor-section-height-default elementor-section-height-default\" data-id=\"ea17858\" data-element_type=\"section\" data-e-type=\"section\">\n\t\t\t\t\t\t<div class=\"elementor-container elementor-column-gap-default\">\n\t\t\t\t\t<div class=\"elementor-column elementor-col-100 elementor-top-column elementor-element elementor-element-1e7a0a6\" data-id=\"1e7a0a6\" data-element_type=\"column\" data-e-type=\"column\">\n\t\t\t<div class=\"elementor-widget-wrap elementor-element-populated\">\n\t\t\t\t\t\t<div class=\"elementor-element elementor-element-f2edcae elementor-widget elementor-widget-text-editor\" data-id=\"f2edcae\" data-element_type=\"widget\" data-e-type=\"widget\" data-widget_type=\"text-editor.default\">\n\t\t\t\t<div class=\"elementor-widget-container\">\n\t\t\t\t\t\t\t\t\t<p>Im Jubil\u00e4umsjahr 2006 erfuhr die arch\u00e4ologische Dauerausstellung eine interessante Umgestaltung und Erweiterung. Nach erfolgter Restaurierung konnten Fundst\u00fccke aus dem sogenannten \u201eLidlfeld\u201c in die Ausstellung integriert werden und erlauben einen noch intensiveren Einblick in die historischen Vorg\u00e4nge in und um Garching.<\/p>\t\t\t\t\t\t\t\t<\/div>\n\t\t\t\t<\/div>\n\t\t\t\t\t<\/div>\n\t\t<\/div>\n\t\t\t\t\t<\/div>\n\t\t<\/section>\n\t\t\t\t<\/div>\n\t\t","protected":false},"excerpt":{"rendered":"<p>Dauerausstellung Vor- und Fr\u00fchgeschichte an der mittleren Alz Garching an der Alz, das erst durch die Industrialisierung im 20. Jahrhundert eine wirtschaftliche Bl\u00fctezeit erlebte, war bis in das 19. Jahrhundert ein kleines Dorf. Vor 4000 Jahren erlebte die Garchinger Region schon einmal eine besondere Bl\u00fcteperiode, die mit Unterbrechung rund 1000 Jahre dauerte. An diese gro\u00dfe&hellip;&nbsp;<a href=\"https:\/\/www.heimatbund-garching.de\/?page_id=671\" rel=\"bookmark\">Weiterlesen &raquo;<span class=\"screen-reader-text\">Dauerausstellung<\/span><\/a><\/p>\n","protected":false},"author":1,"featured_media":0,"parent":663,"menu_order":0,"comment_status":"closed","ping_status":"closed","template":"page-templates\/template-pagebuilder-full-width.php","meta":{"neve_meta_sidebar":"","neve_meta_container":"","neve_meta_enable_content_width":"","neve_meta_content_width":70,"neve_meta_title_alignment":"","neve_meta_author_avatar":"","neve_post_elements_order":"","neve_meta_disable_header":"","neve_meta_disable_footer":"","neve_meta_disable_title":"","_themeisle_gutenberg_block_has_review":false,"footnotes":""},"class_list":["post-671","page","type-page","status-publish","hentry"],"_links":{"self":[{"href":"https:\/\/www.heimatbund-garching.de\/index.php?rest_route=\/wp\/v2\/pages\/671","targetHints":{"allow":["GET"]}}],"collection":[{"href":"https:\/\/www.heimatbund-garching.de\/index.php?rest_route=\/wp\/v2\/pages"}],"about":[{"href":"https:\/\/www.heimatbund-garching.de\/index.php?rest_route=\/wp\/v2\/types\/page"}],"author":[{"embeddable":true,"href":"https:\/\/www.heimatbund-garching.de\/index.php?rest_route=\/wp\/v2\/users\/1"}],"replies":[{"embeddable":true,"href":"https:\/\/www.heimatbund-garching.de\/index.php?rest_route=%2Fwp%2Fv2%2Fcomments&post=671"}],"version-history":[{"count":17,"href":"https:\/\/www.heimatbund-garching.de\/index.php?rest_route=\/wp\/v2\/pages\/671\/revisions"}],"predecessor-version":[{"id":1015,"href":"https:\/\/www.heimatbund-garching.de\/index.php?rest_route=\/wp\/v2\/pages\/671\/revisions\/1015"}],"up":[{"embeddable":true,"href":"https:\/\/www.heimatbund-garching.de\/index.php?rest_route=\/wp\/v2\/pages\/663"}],"wp:attachment":[{"href":"https:\/\/www.heimatbund-garching.de\/index.php?rest_route=%2Fwp%2Fv2%2Fmedia&parent=671"}],"curies":[{"name":"wp","href":"https:\/\/api.w.org\/{rel}","templated":true}]}}