{"id":686,"date":"2019-04-13T17:32:19","date_gmt":"2019-04-13T15:32:19","guid":{"rendered":"http:\/\/wordpress.heimatbund-garching.de\/?page_id=686"},"modified":"2023-10-13T19:39:45","modified_gmt":"2023-10-13T17:39:45","slug":"fabrikarbeiterwohnung","status":"publish","type":"page","link":"https:\/\/www.heimatbund-garching.de\/?page_id=686","title":{"rendered":"Fabrikarbeiterwohnung"},"content":{"rendered":"\t\t<div data-elementor-type=\"wp-post\" data-elementor-id=\"686\" class=\"elementor elementor-686\">\n\t\t\t\t\t\t<section class=\"elementor-section elementor-top-section elementor-element elementor-element-95c0bc9 elementor-section-boxed elementor-section-height-default elementor-section-height-default\" data-id=\"95c0bc9\" data-element_type=\"section\" data-e-type=\"section\" data-settings=\"{&quot;background_background&quot;:&quot;classic&quot;}\">\n\t\t\t\t\t\t<div class=\"elementor-container elementor-column-gap-default\">\n\t\t\t\t\t<div class=\"elementor-column elementor-col-100 elementor-top-column elementor-element elementor-element-c9340d5\" data-id=\"c9340d5\" data-element_type=\"column\" data-e-type=\"column\">\n\t\t\t<div class=\"elementor-widget-wrap elementor-element-populated\">\n\t\t\t\t\t\t<div class=\"elementor-element elementor-element-5b897c0 elementor-widget elementor-widget-heading\" data-id=\"5b897c0\" data-element_type=\"widget\" data-e-type=\"widget\" data-widget_type=\"heading.default\">\n\t\t\t\t<div class=\"elementor-widget-container\">\n\t\t\t\t\t<h2 class=\"elementor-heading-title elementor-size-default\">Fabrikarbeiter\nWohnung<\/h2>\t\t\t\t<\/div>\n\t\t\t\t<\/div>\n\t\t\t\t\t<\/div>\n\t\t<\/div>\n\t\t\t\t\t<\/div>\n\t\t<\/section>\n\t\t\t\t<section class=\"elementor-section elementor-top-section elementor-element elementor-element-5dfb7fd6 elementor-section-boxed elementor-section-height-default elementor-section-height-default\" data-id=\"5dfb7fd6\" data-element_type=\"section\" data-e-type=\"section\" data-settings=\"{&quot;background_background&quot;:&quot;classic&quot;}\">\n\t\t\t\t\t\t<div class=\"elementor-container elementor-column-gap-default\">\n\t\t\t\t\t<div class=\"elementor-column elementor-col-50 elementor-top-column elementor-element elementor-element-712d7e11\" data-id=\"712d7e11\" data-element_type=\"column\" data-e-type=\"column\">\n\t\t\t<div class=\"elementor-widget-wrap elementor-element-populated\">\n\t\t\t\t\t\t<div class=\"elementor-element elementor-element-0bc30d2 elementor-widget elementor-widget-image\" data-id=\"0bc30d2\" data-element_type=\"widget\" data-e-type=\"widget\" data-widget_type=\"image.default\">\n\t\t\t\t<div class=\"elementor-widget-container\">\n\t\t\t\t\t\t\t\t\t\t\t\t\t\t\t<img fetchpriority=\"high\" decoding=\"async\" width=\"464\" height=\"1024\" src=\"https:\/\/www.heimatbund-garching.de\/wp-content\/uploads\/2019\/05\/danke-464x1024.png\" class=\"attachment-large size-large wp-image-873\" alt=\"\" srcset=\"https:\/\/www.heimatbund-garching.de\/wp-content\/uploads\/2019\/05\/danke-464x1024.png 464w, https:\/\/www.heimatbund-garching.de\/wp-content\/uploads\/2019\/05\/danke-136x300.png 136w, https:\/\/www.heimatbund-garching.de\/wp-content\/uploads\/2019\/05\/danke-768x1697.png 768w, https:\/\/www.heimatbund-garching.de\/wp-content\/uploads\/2019\/05\/danke.png 1201w\" sizes=\"(max-width: 464px) 100vw, 464px\" \/>\t\t\t\t\t\t\t\t\t\t\t\t\t\t\t<\/div>\n\t\t\t\t<\/div>\n\t\t\t\t<div class=\"elementor-element elementor-element-c837144 elementor-widget elementor-widget-image\" data-id=\"c837144\" data-element_type=\"widget\" data-e-type=\"widget\" data-widget_type=\"image.default\">\n\t\t\t\t<div class=\"elementor-widget-container\">\n\t\t\t\t\t\t\t\t\t\t\t\t\t\t\t<img decoding=\"async\" width=\"800\" height=\"584\" src=\"https:\/\/www.heimatbund-garching.de\/wp-content\/uploads\/2019\/05\/wohnk1.jpg\" class=\"attachment-large size-large wp-image-896\" alt=\"\" srcset=\"https:\/\/www.heimatbund-garching.de\/wp-content\/uploads\/2019\/05\/wohnk1.jpg 800w, https:\/\/www.heimatbund-garching.de\/wp-content\/uploads\/2019\/05\/wohnk1-300x219.jpg 300w, https:\/\/www.heimatbund-garching.de\/wp-content\/uploads\/2019\/05\/wohnk1-768x561.jpg 768w\" sizes=\"(max-width: 800px) 100vw, 800px\" \/>\t\t\t\t\t\t\t\t\t\t\t\t\t\t\t<\/div>\n\t\t\t\t<\/div>\n\t\t\t\t<div class=\"elementor-element elementor-element-e1971c2 elementor-widget elementor-widget-image\" data-id=\"e1971c2\" data-element_type=\"widget\" data-e-type=\"widget\" data-widget_type=\"image.default\">\n\t\t\t\t<div class=\"elementor-widget-container\">\n\t\t\t\t\t\t\t\t\t\t\t\t\t\t\t<img decoding=\"async\" width=\"800\" height=\"531\" src=\"https:\/\/www.heimatbund-garching.de\/wp-content\/uploads\/2019\/05\/wohnk2.jpg\" class=\"attachment-large size-large wp-image-897\" alt=\"\" srcset=\"https:\/\/www.heimatbund-garching.de\/wp-content\/uploads\/2019\/05\/wohnk2.jpg 800w, https:\/\/www.heimatbund-garching.de\/wp-content\/uploads\/2019\/05\/wohnk2-300x199.jpg 300w, https:\/\/www.heimatbund-garching.de\/wp-content\/uploads\/2019\/05\/wohnk2-768x510.jpg 768w\" sizes=\"(max-width: 800px) 100vw, 800px\" \/>\t\t\t\t\t\t\t\t\t\t\t\t\t\t\t<\/div>\n\t\t\t\t<\/div>\n\t\t\t\t<div class=\"elementor-element elementor-element-a5907a3 elementor-widget elementor-widget-image\" data-id=\"a5907a3\" data-element_type=\"widget\" data-e-type=\"widget\" data-widget_type=\"image.default\">\n\t\t\t\t<div class=\"elementor-widget-container\">\n\t\t\t\t\t\t\t\t\t\t\t\t\t\t\t<img loading=\"lazy\" decoding=\"async\" width=\"800\" height=\"531\" src=\"https:\/\/www.heimatbund-garching.de\/wp-content\/uploads\/2019\/05\/eltern1.jpg\" class=\"attachment-large size-large wp-image-898\" alt=\"\" srcset=\"https:\/\/www.heimatbund-garching.de\/wp-content\/uploads\/2019\/05\/eltern1.jpg 800w, https:\/\/www.heimatbund-garching.de\/wp-content\/uploads\/2019\/05\/eltern1-300x199.jpg 300w, https:\/\/www.heimatbund-garching.de\/wp-content\/uploads\/2019\/05\/eltern1-768x510.jpg 768w\" sizes=\"(max-width: 800px) 100vw, 800px\" \/>\t\t\t\t\t\t\t\t\t\t\t\t\t\t\t<\/div>\n\t\t\t\t<\/div>\n\t\t\t\t<div class=\"elementor-element elementor-element-811d1d8 elementor-widget elementor-widget-image\" data-id=\"811d1d8\" data-element_type=\"widget\" data-e-type=\"widget\" data-widget_type=\"image.default\">\n\t\t\t\t<div class=\"elementor-widget-container\">\n\t\t\t\t\t\t\t\t\t\t\t\t\t\t\t<img loading=\"lazy\" decoding=\"async\" width=\"800\" height=\"531\" src=\"https:\/\/www.heimatbund-garching.de\/wp-content\/uploads\/2019\/05\/kinder.jpg\" class=\"attachment-large size-large wp-image-899\" alt=\"\" srcset=\"https:\/\/www.heimatbund-garching.de\/wp-content\/uploads\/2019\/05\/kinder.jpg 800w, https:\/\/www.heimatbund-garching.de\/wp-content\/uploads\/2019\/05\/kinder-300x199.jpg 300w, https:\/\/www.heimatbund-garching.de\/wp-content\/uploads\/2019\/05\/kinder-768x510.jpg 768w\" sizes=\"(max-width: 800px) 100vw, 800px\" \/>\t\t\t\t\t\t\t\t\t\t\t\t\t\t\t<\/div>\n\t\t\t\t<\/div>\n\t\t\t\t\t<\/div>\n\t\t<\/div>\n\t\t\t\t<div class=\"elementor-column elementor-col-50 elementor-top-column elementor-element elementor-element-69dc3ff\" data-id=\"69dc3ff\" data-element_type=\"column\" data-e-type=\"column\">\n\t\t\t<div class=\"elementor-widget-wrap elementor-element-populated\">\n\t\t\t\t\t\t<section class=\"elementor-section elementor-inner-section elementor-element elementor-element-5b826f5 elementor-section-boxed elementor-section-height-default elementor-section-height-default\" data-id=\"5b826f5\" data-element_type=\"section\" data-e-type=\"section\">\n\t\t\t\t\t\t<div class=\"elementor-container elementor-column-gap-default\">\n\t\t\t\t\t<div class=\"elementor-column elementor-col-100 elementor-inner-column elementor-element elementor-element-4964090\" data-id=\"4964090\" data-element_type=\"column\" data-e-type=\"column\">\n\t\t\t<div class=\"elementor-widget-wrap elementor-element-populated\">\n\t\t\t\t\t\t<div class=\"elementor-element elementor-element-ac1fe10 elementor-widget elementor-widget-heading\" data-id=\"ac1fe10\" data-element_type=\"widget\" data-e-type=\"widget\" data-widget_type=\"heading.default\">\n\t\t\t\t<div class=\"elementor-widget-container\">\n\t\t\t\t\t<h2 class=\"elementor-heading-title elementor-size-default\">Geschichte<\/h2>\t\t\t\t<\/div>\n\t\t\t\t<\/div>\n\t\t\t\t<div class=\"elementor-element elementor-element-86e24b6 elementor-widget elementor-widget-text-editor\" data-id=\"86e24b6\" data-element_type=\"widget\" data-e-type=\"widget\" data-widget_type=\"text-editor.default\">\n\t\t\t\t<div class=\"elementor-widget-container\">\n\t\t\t\t\t\t\t\t\t<p>Im Herbst 2012 beschlossen die Verantwortlichen im Heimatbund, eine Fabrikarbeiterwohnung der Werkssiedlung der damaligen &#8222;Bayrischen Kraftwerke AG&#8220; (BKW), sp\u00e4ter dann &#8222;S\u00fcddeutsche Kalkstickstoffwerke AG&#8220; (SKW), in die Zeit des Erstbezugs im Jahr 1923 zur\u00fcckzubauen.<\/p><p>Der Eigent\u00fcmer Reinhold Tann stellte die Wohnung an der Turnstra\u00dfe 1 dem Heimatbund gegen einen symbolischen Mietpreis und Erstattung der Nebenkosten zur Verf\u00fcgung.<\/p><p>Nach dem Befund der Kirchenmalermeisterin Katrin Lampersdorfer und mit fachlicher und finanzieller Unterst\u00fctzung des staatlichen Denkmalschutzes begannen im Sp\u00e4therbst 2012 die R\u00fcckbauarbeiten. Die oberste Farbschicht der Decken und W\u00e4nde wurde abgeschabt. Malermeister und Heimatbundmitglied Franz Pfundstein sorgte f\u00fcr fachgerechte Ausbesserung von Sch\u00e4den im Mauerwerk und \u00fcbernahm die Ausmalung entsprechend der von Katrin Lampersdorfer festgestellten urspr\u00fcnglichen Farbgebung. Auch die Fu\u00dfb\u00f6den wurden wieder hergerichtet: Die nachtr\u00e4glich verlegten Linoleumb\u00f6den wurden entfernt und, mit Ausnahme der Wohnk\u00fcche, die vorhandenen B\u00f6den freigelegt.<\/p><p>Dank der Anteilnahme vieler Garchinger konnte die Wohnung im Stil der zwanziger Jahre m\u00f6bliert werden. Der wichtigste Grundsatz war: Autentisch bleiben! So stammen auch viele Ausstattungsgegenst\u00e4nde aus Altbest\u00e4nden von Dachb\u00f6den und Kellern der Siedlung.<\/p><p>F\u00fcr die Alztalgemeinde ist die gartenst\u00e4dtische Werkssiedlung ein Denkmal ihrer Gr\u00fcnderzeit als Industriegemeinde: Eine sozial eingestellte Unternehmensleitung (Geheimer Regierungsrat Professor Dr. Nikodem Caro als Generaldirektor und K\u00f6niglicher Baurat Karl Janisch als verantwortlicher Baudirektor) schuf 165 f\u00fcr die damalige Zeit geradezu luxuri\u00f6se Wohnungen f\u00fcr Arbeiter, Angestellte und leitende Angestellte. Wie bereits 1917 in Piesteritz (heute Stadtteil von Wittenberg) plante Otto Rudolf Salvisberg, ein Architekt mit besten Verbindungen zur Berliner Oberschicht, diese gartenst\u00e4dtische Werkssiedlung. Sie galt als eine der sch\u00f6nsten ihrer Art. Abgerundet wurde diese soziale Gro\u00dftat der BKW noch dadurch, dass selbst ein Schwimmbad, die Schule und sp\u00e4ter noch eine Turnhalle gebaut und der Gemeinde zum Geschenk gemacht wurden.<\/p><p>Gewohnt haben in den Arbeiterwohnungen die Fabrikler, die am Karbidofen in Hart a. d. Alz eine gef\u00e4hrliche und harte Arbeit zu verrichten hatten. Sie schufen mit ihrem Flei\u00df die Grundlage f\u00fcr den heutigen relativen Wohlstand der Gemeinde im mittleren Alztal. Es entsprach keineswegs einer romantischen Nostalgiesehnsucht des Heimatbundes, diese Wohnung zur\u00fcckzubauen, sondern es war der Respekt vor diesen gro\u00dfartigen Leistungen, denen hiermit ein Denkmal errichtet wurde.<\/p><p>Am 9. Mai 2014 war es dann soweit, dass anl\u00e4sslich einer kleinen Er\u00f6ffnungsfeier die geladenen G\u00e4ste (vorwiegend die flei\u00dfigen Helferinnen und Helfer der Renovierungsarbeiten) eintauchen konnten in die Welt der 20er Jahre. Zuk\u00fcnftige Besucher erwartet daneben auch noch eine Foto-Dokumentation zum Siedlungsbau und der Arbeitswelt in der Carbidfabrik zur damaligen Zeit.<\/p><p>Ge\u00f6ffnet ist die Arbeiterwohnung am &#8222;Internationalen Museumstag&#8220; (3. Sonntag im Mai), und am &#8222;Tag des offenen Denkmals&#8220; (2. Sonntag im September) und dar\u00fcber hinaus bei Bedarf f\u00fcr Gruppen nach vorheriger telefonischer Anfrage (Helmut Meisl 08634-8158 \/ Irmgard Schwarzenb\u00f6ck 08634-7675 \/ Peter Wolfmeier 08634-66065) oder Kontaktmail <a href=\"mailto:info@heimatbund-garching.de\">info@heimatbund-garching.de<\/a>.<\/p><p>Interessierte Besucher k\u00f6nnen entlang eines Geschichtswanderweges mit 9 Stationen den besonderen Charme der Werkssiedlung kennenlernen. Der Startpunkt liegt an der \u00dcbersichtstafel am Rathauseingang Brunnenhof, dort liegt auch ein Flyer mit \u00dcbersichtsplan auf.<br \/>Zudem besteht die M\u00f6glichkeit, eine gef\u00fchrte Wanderung entlang des Geschichtsrundweges \u00fcber den Heimatbund anzufragen.<\/p>\t\t\t\t\t\t\t\t<\/div>\n\t\t\t\t<\/div>\n\t\t\t\t<div class=\"elementor-element elementor-element-dc119ce elementor-align-center elementor-widget elementor-widget-button\" data-id=\"dc119ce\" data-element_type=\"widget\" data-e-type=\"widget\" data-widget_type=\"button.default\">\n\t\t\t\t<div class=\"elementor-widget-container\">\n\t\t\t\t\t\t\t\t\t<div class=\"elementor-button-wrapper\">\n\t\t\t\t\t<a class=\"elementor-button elementor-button-link elementor-size-sm\" href=\"https:\/\/www.heimatbund-garching.de\/wp-content\/uploads\/2022\/01\/Flyer-Museum-Onlinek.pdf\">\n\t\t\t\t\t\t<span class=\"elementor-button-content-wrapper\">\n\t\t\t\t\t\t\t\t\t<span class=\"elementor-button-text\">Flyer Janischsiedlung<\/span>\n\t\t\t\t\t<\/span>\n\t\t\t\t\t<\/a>\n\t\t\t\t<\/div>\n\t\t\t\t\t\t\t\t<\/div>\n\t\t\t\t<\/div>\n\t\t\t\t\t<\/div>\n\t\t<\/div>\n\t\t\t\t\t<\/div>\n\t\t<\/section>\n\t\t\t\t\t<\/div>\n\t\t<\/div>\n\t\t\t\t\t<\/div>\n\t\t<\/section>\n\t\t\t\t<\/div>\n\t\t","protected":false},"excerpt":{"rendered":"<p>Fabrikarbeiter Wohnung Geschichte Im Herbst 2012 beschlossen die Verantwortlichen im Heimatbund, eine Fabrikarbeiterwohnung der Werkssiedlung der damaligen &#8222;Bayrischen Kraftwerke AG&#8220; (BKW), sp\u00e4ter dann &#8222;S\u00fcddeutsche Kalkstickstoffwerke AG&#8220; (SKW), in die Zeit des Erstbezugs im Jahr 1923 zur\u00fcckzubauen. Der Eigent\u00fcmer Reinhold Tann stellte die Wohnung an der Turnstra\u00dfe 1 dem Heimatbund gegen einen symbolischen Mietpreis und Erstattung&hellip;&nbsp;<a href=\"https:\/\/www.heimatbund-garching.de\/?page_id=686\" rel=\"bookmark\">Weiterlesen &raquo;<span class=\"screen-reader-text\">Fabrikarbeiterwohnung<\/span><\/a><\/p>\n","protected":false},"author":1,"featured_media":0,"parent":0,"menu_order":0,"comment_status":"closed","ping_status":"closed","template":"page-templates\/template-pagebuilder-full-width.php","meta":{"neve_meta_sidebar":"","neve_meta_container":"","neve_meta_enable_content_width":"","neve_meta_content_width":70,"neve_meta_title_alignment":"","neve_meta_author_avatar":"","neve_post_elements_order":"","neve_meta_disable_header":"","neve_meta_disable_footer":"","neve_meta_disable_title":"on","_themeisle_gutenberg_block_has_review":false,"footnotes":""},"class_list":["post-686","page","type-page","status-publish","hentry"],"_links":{"self":[{"href":"https:\/\/www.heimatbund-garching.de\/index.php?rest_route=\/wp\/v2\/pages\/686","targetHints":{"allow":["GET"]}}],"collection":[{"href":"https:\/\/www.heimatbund-garching.de\/index.php?rest_route=\/wp\/v2\/pages"}],"about":[{"href":"https:\/\/www.heimatbund-garching.de\/index.php?rest_route=\/wp\/v2\/types\/page"}],"author":[{"embeddable":true,"href":"https:\/\/www.heimatbund-garching.de\/index.php?rest_route=\/wp\/v2\/users\/1"}],"replies":[{"embeddable":true,"href":"https:\/\/www.heimatbund-garching.de\/index.php?rest_route=%2Fwp%2Fv2%2Fcomments&post=686"}],"version-history":[{"count":52,"href":"https:\/\/www.heimatbund-garching.de\/index.php?rest_route=\/wp\/v2\/pages\/686\/revisions"}],"predecessor-version":[{"id":2283,"href":"https:\/\/www.heimatbund-garching.de\/index.php?rest_route=\/wp\/v2\/pages\/686\/revisions\/2283"}],"wp:attachment":[{"href":"https:\/\/www.heimatbund-garching.de\/index.php?rest_route=%2Fwp%2Fv2%2Fmedia&parent=686"}],"curies":[{"name":"wp","href":"https:\/\/api.w.org\/{rel}","templated":true}]}}